{"id":22,"date":"2024-09-07T12:40:06","date_gmt":"2024-09-07T10:40:06","guid":{"rendered":"http:\/\/griwbwl.cluster027.hosting.ovh.net\/?page_id=22"},"modified":"2025-05-25T20:11:10","modified_gmt":"2025-05-25T18:11:10","slug":"a-propos-2","status":"publish","type":"page","link":"https:\/\/www.3kmusik.com\/","title":{"rendered":"A propos"},"content":{"rendered":"\n<p><strong>SHERLOK ACOUSTIK<\/strong><\/p>\n\n\n<div class=\"wp-block-image\">\n<figure class=\"aligncenter size-full\"><img fetchpriority=\"high\" decoding=\"async\" width=\"323\" height=\"229\" src=\"https:\/\/www.3kmusik.com\/wp-content\/uploads\/2024\/09\/Duo-sherlok.jpg\" alt=\"\" class=\"wp-image-152\" srcset=\"https:\/\/www.3kmusik.com\/wp-content\/uploads\/2024\/09\/Duo-sherlok.jpg 323w, https:\/\/www.3kmusik.com\/wp-content\/uploads\/2024\/09\/Duo-sherlok-300x213.jpg 300w\" sizes=\"(max-width: 323px) 100vw, 323px\" \/><\/figure>\n<\/div>\n\n\n<p><strong>SHERLOK ACOUSTIK<\/strong> est un duo \u00e9tonnant et d\u00e9tonnant<\/p>\n\n\n\n<p>Compos\u00e9 de Katia Plachez (chanteuse\/percussionniste)<\/p>\n\n\n\n<p>et de Alain Cahuzac (guitariste\/chanteur) qui revisitent avec classe m\u00eal\u00e9e d&rsquo;un zeste de folie, un r\u00e9pertoire vari\u00e9.<\/p>\n\n\n\n<p>Toutes les chansons, arrang\u00e9es et personnalis\u00e9es par le groupe sont interpr\u00e9t\u00e9es dans des versions originales \u00e9nergiques ou sensuelles.<\/p>\n\n\n\n<p>Dans cette formule, aucune musique pr\u00e9 enregistr\u00e9e (bande karaok\u00e9) ou machine pr\u00e9programm\u00e9e (s\u00e9quenceur) ne seront utilis\u00e9es comme c\u2019est souvent le cas aujourd\u2019hui dans toutes les manifestations musicales.<\/p>\n\n\n\n<p>Sherlok Acoustik utilise aussi les technologies actuelles avec des processeurs d\u2019effets vocaux pour Katia et des loopers \/ octaver \/ basse \/ filtres\u2026 pour la guitare d\u2019Alain pour un rendu d\u00e9tonnant et \u00e9tonnant !<\/p>\n\n\n\n<p>Une musique \u00ab&nbsp;fabriqu\u00e9e&nbsp;\u00bb spontanemment sous vos yeux \u2026<\/p>\n\n\n\n<p>Seules les mains et cordes vocales des artistes sont \u00e0 l\u2019origine des sons qui viendront caresser vos tympans !<\/p>\n\n\n\n<p>Parfait pour&nbsp;:<\/p>\n\n\n\n<ul class=\"wp-block-list\">\n<li>soir\u00e9es intimistes (&nbsp;casinos, r\u00e9ceptions h\u00f4tels \u2026)<\/li>\n\n\n\n<li>Soir\u00e9es Lounge\u2026<\/li>\n\n\n\n<li>Soir\u00e9es \u00e9v\u00e9nementielles (comit\u00e9s d\u2019entreprises, s\u00e9minaires\u2026)<\/li>\n\n\n\n<li>Soir\u00e9es priv\u00e9es (mariages, vins d\u2019honneur, cocktails\u2026)<\/li>\n<\/ul>\n\n\n\n<figure class=\"wp-block-embed is-type-video is-provider-youtube wp-block-embed-youtube wp-embed-aspect-16-9 wp-has-aspect-ratio\"><div class=\"wp-block-embed__wrapper\">\n<iframe title=\"Sherlok Acoustik teaser long\" width=\"525\" height=\"295\" src=\"https:\/\/www.youtube.com\/embed\/iJ5tuiAaUz4?feature=oembed\" frameborder=\"0\" allow=\"accelerometer; autoplay; clipboard-write; encrypted-media; gyroscope; picture-in-picture; web-share\" referrerpolicy=\"strict-origin-when-cross-origin\" allowfullscreen><\/iframe>\n<\/div><\/figure>\n\n\n\n<p><\/p>\n\n\n\n<p><strong>LADY K FAMILY<\/strong><\/p>\n\n\n<div class=\"wp-block-image\">\n<figure class=\"aligncenter size-full is-resized\"><img decoding=\"async\" width=\"539\" height=\"323\" src=\"https:\/\/www.3kmusik.com\/wp-content\/uploads\/2024\/09\/ladyK.jpg\" alt=\"\" class=\"wp-image-155\" style=\"width:409px;height:auto\" srcset=\"https:\/\/www.3kmusik.com\/wp-content\/uploads\/2024\/09\/ladyK.jpg 539w, https:\/\/www.3kmusik.com\/wp-content\/uploads\/2024\/09\/ladyK-300x180.jpg 300w\" sizes=\"(max-width: 539px) 100vw, 539px\" \/><\/figure>\n<\/div>\n\n\n<p><strong>Lady&nbsp;K&nbsp;Family<\/strong>&nbsp;est&nbsp;un&nbsp;quartet&nbsp;de&nbsp;musiciens&nbsp;exp\u00e9riment\u00e9s&nbsp;quirevisitent&nbsp;des&nbsp;chansons&nbsp;de&nbsp;toutes&nbsp;\u00e9poques&nbsp;et&nbsp;tous&nbsp;styles&nbsp;enimprimant&nbsp;\u00e0&nbsp;chacune&nbsp;d&rsquo;elle&nbsp;une&nbsp;couleur&nbsp;unique&nbsp;sur&nbsp;desarrangements&nbsp;originaux.<\/p>\n\n\n\n<p>Katia,&nbsp;Alain,&nbsp;Pierre&nbsp;et&nbsp;Patrice&nbsp;&nbsp;ne&nbsp;se&nbsp;contentent&nbsp;pas&nbsp;d\u2019ex\u00e9cuterun&nbsp;travail&nbsp;de&nbsp;faussaire&nbsp;dont&nbsp;le&nbsp;but&nbsp;est&nbsp;de&nbsp;gommer&nbsp;et&nbsp;perdre&nbsp;sapersonnalit\u00e9&nbsp;pour&nbsp;ne&nbsp;laisser&nbsp;appara\u00eetre&nbsp;que&nbsp;celle&nbsp;de&nbsp;l\u2019artistecopi\u00e9.<\/p>\n\n\n\n<p>Ils&nbsp;utilisent&nbsp;au&nbsp;contraire&nbsp;leurs&nbsp;cultures,&nbsp;leurs&nbsp;savoirs-faire&nbsp;ainsique&nbsp;leurs&nbsp;sensibilit\u00e9s&nbsp;respectives&nbsp;dans&nbsp;un&nbsp;m\u00e9lange&nbsp;\u00e9tonnant&nbsp;etd\u00e9tonnant&nbsp;!<\/p>\n\n\n\n<p>Le groupe est form\u00e9 de :<\/p>\n\n\n\n<p>Katia Plachez : Chanteuse, Percussionniste,&nbsp;&nbsp;&nbsp;Auteur\/ Compositeur&nbsp;,&nbsp;Sherlok, Lady Palavas, French Mademoiselle, Francis Lai \u2026<\/p>\n\n\n\n<p>Alain&nbsp;&nbsp;Cahuzac : Guitariste, Chanteur, Auteur\/Compositeur<\/p>\n\n\n\n<p>Sherlok, L\u2019Homme Parle, Diams, Diane Tell, Claude Zidi\u2026<\/p>\n\n\n\n<p>Pierre&nbsp;&nbsp;Pages : Batteur , Percussionniste , Abraxas ,Jazz denim, Conjunto Mezclao, Son y Sol \u2026<\/p>\n\n\n\n<p>Patrice Othoniel&nbsp;&nbsp;&nbsp;: Bassiste, choriste , Emma Lamadji, Marianne Aya Omac \u2026<\/p>\n\n\n\n<ul class=\"wp-block-list\">\n<li>Soir\u00e9es intimistes\u2026(casinos, r\u00e9ceptions h\u00f4tels \u2026)<\/li>\n\n\n\n<li>Soir\u00e9es Caf\u00e9-Concerts\u2026(bars, restaurants\u2026)<\/li>\n\n\n\n<li>Soir\u00e9es \u00e9v\u00e9nementielles (comit\u00e9s d\u2019entreprises, s\u00e9minaires\u2026)<\/li>\n<\/ul>\n\n\n\n<p>Soir\u00e9es priv\u00e9es (anniversaires, mariages, vins d\u2019honneur, cocktails\u2026)<\/p>\n\n\n\n<figure class=\"wp-block-embed is-type-video is-provider-youtube wp-block-embed-youtube wp-embed-aspect-16-9 wp-has-aspect-ratio\"><div class=\"wp-block-embed__wrapper\">\n<iframe title=\"Lady K Family\" width=\"525\" height=\"295\" src=\"https:\/\/www.youtube.com\/embed\/uSjDnXbuuNI?feature=oembed\" frameborder=\"0\" allow=\"accelerometer; autoplay; clipboard-write; encrypted-media; gyroscope; picture-in-picture; web-share\" referrerpolicy=\"strict-origin-when-cross-origin\" allowfullscreen><\/iframe>\n<\/div><\/figure>\n","protected":false},"excerpt":{"rendered":"<p>SHERLOK ACOUSTIK SHERLOK ACOUSTIK est un duo \u00e9tonnant et d\u00e9tonnant Compos\u00e9 de Katia Plachez (chanteuse\/percussionniste) et de Alain Cahuzac (guitariste\/chanteur) qui revisitent avec classe m\u00eal\u00e9e d&rsquo;un zeste de folie, un r\u00e9pertoire vari\u00e9. Toutes les chansons, arrang\u00e9es et personnalis\u00e9es par le groupe sont interpr\u00e9t\u00e9es dans des versions originales \u00e9nergiques ou sensuelles. Dans cette formule, aucune musique &hellip; <\/p>\n<p class=\"link-more\"><a href=\"https:\/\/www.3kmusik.com\/\" class=\"more-link\">Continuer la lecture<span class=\"screen-reader-text\"> de &laquo;&nbsp;A propos&nbsp;&raquo;<\/span><\/a><\/p>\n","protected":false},"author":1,"featured_media":0,"parent":0,"menu_order":0,"comment_status":"closed","ping_status":"closed","template":"","meta":{"footnotes":""},"class_list":["post-22","page","type-page","status-publish","hentry"],"yoast_head":"<!-- This site is optimized with the Yoast SEO plugin v26.8 - https:\/\/yoast.com\/product\/yoast-seo-wordpress\/ -->\n<title>A propos - KATIA VOUS PROPOSE DES SOIR\u00c9ES MUSICALES DE QUALIT\u00c9<\/title>\n<meta name=\"robots\" content=\"index, follow, max-snippet:-1, max-image-preview:large, max-video-preview:-1\" \/>\n<link rel=\"canonical\" href=\"https:\/\/www.3kmusik.com\/\" \/>\n<meta property=\"og:locale\" content=\"fr_FR\" \/>\n<meta property=\"og:type\" content=\"article\" \/>\n<meta property=\"og:title\" content=\"A propos - KATIA VOUS PROPOSE DES SOIR\u00c9ES MUSICALES DE QUALIT\u00c9\" \/>\n<meta property=\"og:description\" content=\"SHERLOK ACOUSTIK SHERLOK ACOUSTIK est un duo \u00e9tonnant et d\u00e9tonnant Compos\u00e9 de Katia Plachez (chanteuse\/percussionniste) et de Alain Cahuzac (guitariste\/chanteur) qui revisitent avec classe m\u00eal\u00e9e d&rsquo;un zeste de folie, un r\u00e9pertoire vari\u00e9. Toutes les chansons, arrang\u00e9es et personnalis\u00e9es par le groupe sont interpr\u00e9t\u00e9es dans des versions originales \u00e9nergiques ou sensuelles. Dans cette formule, aucune musique &hellip; Continuer la lecture de &laquo;&nbsp;A propos&nbsp;&raquo;\" \/>\n<meta property=\"og:url\" content=\"https:\/\/www.3kmusik.com\/\" \/>\n<meta property=\"og:site_name\" content=\"KATIA VOUS PROPOSE DES SOIR\u00c9ES MUSICALES DE QUALIT\u00c9\" \/>\n<meta property=\"article:publisher\" content=\"https:\/\/www.facebook.com\/katia.plachez\" \/>\n<meta property=\"article:modified_time\" content=\"2025-05-25T18:11:10+00:00\" \/>\n<meta property=\"og:image\" content=\"https:\/\/www.3kmusik.com\/wp-content\/uploads\/2024\/09\/Duo-sherlok.jpg\" \/>\n<meta name=\"twitter:card\" content=\"summary_large_image\" \/>\n<meta name=\"twitter:label1\" content=\"Dur\u00e9e de lecture estim\u00e9e\" \/>\n\t<meta name=\"twitter:data1\" content=\"2 minutes\" \/>\n<script type=\"application\/ld+json\" class=\"yoast-schema-graph\">{\"@context\":\"https:\/\/schema.org\",\"@graph\":[{\"@type\":\"WebPage\",\"@id\":\"https:\/\/www.3kmusik.com\/\",\"url\":\"https:\/\/www.3kmusik.com\/\",\"name\":\"A propos - KATIA VOUS PROPOSE DES SOIR\u00c9ES MUSICALES DE QUALIT\u00c9\",\"isPartOf\":{\"@id\":\"https:\/\/www.3kmusik.com\/#website\"},\"primaryImageOfPage\":{\"@id\":\"https:\/\/www.3kmusik.com\/#primaryimage\"},\"image\":{\"@id\":\"https:\/\/www.3kmusik.com\/#primaryimage\"},\"thumbnailUrl\":\"https:\/\/www.3kmusik.com\/wp-content\/uploads\/2024\/09\/Duo-sherlok.jpg\",\"datePublished\":\"2024-09-07T10:40:06+00:00\",\"dateModified\":\"2025-05-25T18:11:10+00:00\",\"breadcrumb\":{\"@id\":\"https:\/\/www.3kmusik.com\/#breadcrumb\"},\"inLanguage\":\"fr-FR\",\"potentialAction\":[{\"@type\":\"ReadAction\",\"target\":[\"https:\/\/www.3kmusik.com\/\"]}]},{\"@type\":\"ImageObject\",\"inLanguage\":\"fr-FR\",\"@id\":\"https:\/\/www.3kmusik.com\/#primaryimage\",\"url\":\"https:\/\/www.3kmusik.com\/wp-content\/uploads\/2024\/09\/Duo-sherlok.jpg\",\"contentUrl\":\"https:\/\/www.3kmusik.com\/wp-content\/uploads\/2024\/09\/Duo-sherlok.jpg\",\"width\":323,\"height\":229},{\"@type\":\"BreadcrumbList\",\"@id\":\"https:\/\/www.3kmusik.com\/#breadcrumb\",\"itemListElement\":[{\"@type\":\"ListItem\",\"position\":1,\"name\":\"Accueil\",\"item\":\"https:\/\/www.3kmusik.com\/\"},{\"@type\":\"ListItem\",\"position\":2,\"name\":\"A propos\"}]},{\"@type\":\"WebSite\",\"@id\":\"https:\/\/www.3kmusik.com\/#website\",\"url\":\"https:\/\/www.3kmusik.com\/\",\"name\":\"3kmusik\",\"description\":\"\",\"potentialAction\":[{\"@type\":\"SearchAction\",\"target\":{\"@type\":\"EntryPoint\",\"urlTemplate\":\"https:\/\/www.3kmusik.com\/?s={search_term_string}\"},\"query-input\":{\"@type\":\"PropertyValueSpecification\",\"valueRequired\":true,\"valueName\":\"search_term_string\"}}],\"inLanguage\":\"fr-FR\"}]}<\/script>\n<!-- \/ Yoast SEO plugin. -->","yoast_head_json":{"title":"A propos - KATIA VOUS PROPOSE DES SOIR\u00c9ES MUSICALES DE QUALIT\u00c9","robots":{"index":"index","follow":"follow","max-snippet":"max-snippet:-1","max-image-preview":"max-image-preview:large","max-video-preview":"max-video-preview:-1"},"canonical":"https:\/\/www.3kmusik.com\/","og_locale":"fr_FR","og_type":"article","og_title":"A propos - KATIA VOUS PROPOSE DES SOIR\u00c9ES MUSICALES DE QUALIT\u00c9","og_description":"SHERLOK ACOUSTIK SHERLOK ACOUSTIK est un duo \u00e9tonnant et d\u00e9tonnant Compos\u00e9 de Katia Plachez (chanteuse\/percussionniste) et de Alain Cahuzac (guitariste\/chanteur) qui revisitent avec classe m\u00eal\u00e9e d&rsquo;un zeste de folie, un r\u00e9pertoire vari\u00e9. Toutes les chansons, arrang\u00e9es et personnalis\u00e9es par le groupe sont interpr\u00e9t\u00e9es dans des versions originales \u00e9nergiques ou sensuelles. Dans cette formule, aucune musique &hellip; Continuer la lecture de &laquo;&nbsp;A propos&nbsp;&raquo;","og_url":"https:\/\/www.3kmusik.com\/","og_site_name":"KATIA VOUS PROPOSE DES SOIR\u00c9ES MUSICALES DE QUALIT\u00c9","article_publisher":"https:\/\/www.facebook.com\/katia.plachez","article_modified_time":"2025-05-25T18:11:10+00:00","og_image":[{"url":"https:\/\/www.3kmusik.com\/wp-content\/uploads\/2024\/09\/Duo-sherlok.jpg","type":"","width":"","height":""}],"twitter_card":"summary_large_image","twitter_misc":{"Dur\u00e9e de lecture estim\u00e9e":"2 minutes"},"schema":{"@context":"https:\/\/schema.org","@graph":[{"@type":"WebPage","@id":"https:\/\/www.3kmusik.com\/","url":"https:\/\/www.3kmusik.com\/","name":"A propos - KATIA VOUS PROPOSE DES SOIR\u00c9ES MUSICALES DE QUALIT\u00c9","isPartOf":{"@id":"https:\/\/www.3kmusik.com\/#website"},"primaryImageOfPage":{"@id":"https:\/\/www.3kmusik.com\/#primaryimage"},"image":{"@id":"https:\/\/www.3kmusik.com\/#primaryimage"},"thumbnailUrl":"https:\/\/www.3kmusik.com\/wp-content\/uploads\/2024\/09\/Duo-sherlok.jpg","datePublished":"2024-09-07T10:40:06+00:00","dateModified":"2025-05-25T18:11:10+00:00","breadcrumb":{"@id":"https:\/\/www.3kmusik.com\/#breadcrumb"},"inLanguage":"fr-FR","potentialAction":[{"@type":"ReadAction","target":["https:\/\/www.3kmusik.com\/"]}]},{"@type":"ImageObject","inLanguage":"fr-FR","@id":"https:\/\/www.3kmusik.com\/#primaryimage","url":"https:\/\/www.3kmusik.com\/wp-content\/uploads\/2024\/09\/Duo-sherlok.jpg","contentUrl":"https:\/\/www.3kmusik.com\/wp-content\/uploads\/2024\/09\/Duo-sherlok.jpg","width":323,"height":229},{"@type":"BreadcrumbList","@id":"https:\/\/www.3kmusik.com\/#breadcrumb","itemListElement":[{"@type":"ListItem","position":1,"name":"Accueil","item":"https:\/\/www.3kmusik.com\/"},{"@type":"ListItem","position":2,"name":"A propos"}]},{"@type":"WebSite","@id":"https:\/\/www.3kmusik.com\/#website","url":"https:\/\/www.3kmusik.com\/","name":"3kmusik","description":"","potentialAction":[{"@type":"SearchAction","target":{"@type":"EntryPoint","urlTemplate":"https:\/\/www.3kmusik.com\/?s={search_term_string}"},"query-input":{"@type":"PropertyValueSpecification","valueRequired":true,"valueName":"search_term_string"}}],"inLanguage":"fr-FR"}]}},"_links":{"self":[{"href":"https:\/\/www.3kmusik.com\/index.php\/wp-json\/wp\/v2\/pages\/22","targetHints":{"allow":["GET"]}}],"collection":[{"href":"https:\/\/www.3kmusik.com\/index.php\/wp-json\/wp\/v2\/pages"}],"about":[{"href":"https:\/\/www.3kmusik.com\/index.php\/wp-json\/wp\/v2\/types\/page"}],"author":[{"embeddable":true,"href":"https:\/\/www.3kmusik.com\/index.php\/wp-json\/wp\/v2\/users\/1"}],"replies":[{"embeddable":true,"href":"https:\/\/www.3kmusik.com\/index.php\/wp-json\/wp\/v2\/comments?post=22"}],"version-history":[{"count":9,"href":"https:\/\/www.3kmusik.com\/index.php\/wp-json\/wp\/v2\/pages\/22\/revisions"}],"predecessor-version":[{"id":310,"href":"https:\/\/www.3kmusik.com\/index.php\/wp-json\/wp\/v2\/pages\/22\/revisions\/310"}],"wp:attachment":[{"href":"https:\/\/www.3kmusik.com\/index.php\/wp-json\/wp\/v2\/media?parent=22"}],"curies":[{"name":"wp","href":"https:\/\/api.w.org\/{rel}","templated":true}]}}