{"id":32,"date":"2024-09-07T12:44:26","date_gmt":"2024-09-07T10:44:26","guid":{"rendered":"http:\/\/griwbwl.cluster027.hosting.ovh.net\/?page_id=32"},"modified":"2025-10-10T18:52:17","modified_gmt":"2025-10-10T16:52:17","slug":"videos","status":"publish","type":"page","link":"https:\/\/www.3kmusik.com\/index.php\/videos\/","title":{"rendered":"Videos"},"content":{"rendered":"\n<p>FORMULE 6 MUSICIENS<\/p>\n\n\n\n<figure class=\"wp-block-embed is-type-video is-provider-youtube wp-block-embed-youtube wp-embed-aspect-16-9 wp-has-aspect-ratio\"><div class=\"wp-block-embed__wrapper\">\n<iframe title=\"Grand Soir &quot;Love&quot;\" width=\"525\" height=\"295\" src=\"https:\/\/www.youtube.com\/embed\/2gJ7Lpe-aFg?feature=oembed\" frameborder=\"0\" allow=\"accelerometer; autoplay; clipboard-write; encrypted-media; gyroscope; picture-in-picture; web-share\" referrerpolicy=\"strict-origin-when-cross-origin\" allowfullscreen><\/iframe>\n<\/div><\/figure>\n\n\n\n<p>SHERLOK ACOUSTIK le duo<\/p>\n\n\n\n<figure class=\"wp-block-embed is-type-video is-provider-youtube wp-block-embed-youtube wp-embed-aspect-16-9 wp-has-aspect-ratio\"><div class=\"wp-block-embed__wrapper\">\n<iframe title=\"Sherlok Acoustik teaser long\" width=\"525\" height=\"295\" src=\"https:\/\/www.youtube.com\/embed\/iJ5tuiAaUz4?feature=oembed\" frameborder=\"0\" allow=\"accelerometer; autoplay; clipboard-write; encrypted-media; gyroscope; picture-in-picture; web-share\" referrerpolicy=\"strict-origin-when-cross-origin\" allowfullscreen><\/iframe>\n<\/div><\/figure>\n\n\n\n<p>Petits extraits de \u00a0Sherlok\u00a0Acoustik ( Ap\u00e9ritif du patrimoine sur le port de Marseillan)<br><\/p>\n\n\n\n<figure class=\"wp-block-video\"><video height=\"1920\" style=\"aspect-ratio: 1080 \/ 1920;\" width=\"1080\" controls src=\"http:\/\/www.3kmusik.com\/wp-content\/uploads\/2025\/10\/0923.mp4\"><\/video><\/figure>\n\n\n\n<p>LADY K FAMILY le quartet<\/p>\n\n\n\n<figure class=\"wp-block-embed is-type-video is-provider-youtube wp-block-embed-youtube wp-embed-aspect-16-9 wp-has-aspect-ratio\"><div class=\"wp-block-embed__wrapper\">\n<iframe title=\"Lady K Family\" width=\"525\" height=\"295\" src=\"https:\/\/www.youtube.com\/embed\/uSjDnXbuuNI?feature=oembed\" frameborder=\"0\" allow=\"accelerometer; autoplay; clipboard-write; encrypted-media; gyroscope; picture-in-picture; web-share\" referrerpolicy=\"strict-origin-when-cross-origin\" allowfullscreen><\/iframe> \n<\/div><\/figure>\n\n\n\n<p>Vid\u00e9os&nbsp;clips de LADY SHERLOK<\/p>\n\n\n\n<figure class=\"wp-block-embed is-type-video is-provider-youtube wp-block-embed-youtube wp-embed-aspect-16-9 wp-has-aspect-ratio\"><div class=\"wp-block-embed__wrapper\">\n<iframe title=\"SHERLOCK &quot;La pucelle du Cap d&#039;Agde&quot; FINAL H264\" width=\"525\" height=\"295\" src=\"https:\/\/www.youtube.com\/embed\/-Ivi2oY4xWY?start=28&#038;feature=oembed\" frameborder=\"0\" allow=\"accelerometer; autoplay; clipboard-write; encrypted-media; gyroscope; picture-in-picture; web-share\" referrerpolicy=\"strict-origin-when-cross-origin\" allowfullscreen><\/iframe>\n<\/div><\/figure>\n\n\n\n<figure class=\"wp-block-embed is-type-video is-provider-youtube wp-block-embed-youtube wp-embed-aspect-16-9 wp-has-aspect-ratio\"><div class=\"wp-block-embed__wrapper\">\n<iframe title=\"SHERLOK Psycholover\" width=\"525\" height=\"295\" src=\"https:\/\/www.youtube.com\/embed\/5i7a8hUEPIc?feature=oembed\" frameborder=\"0\" allow=\"accelerometer; autoplay; clipboard-write; encrypted-media; gyroscope; picture-in-picture; web-share\" referrerpolicy=\"strict-origin-when-cross-origin\" allowfullscreen><\/iframe>\n<\/div><\/figure>\n\n\n\n<p>Plus rien ne sera pareil<\/p>\n\n\n\n<figure class=\"wp-block-embed is-type-video is-provider-youtube wp-block-embed-youtube wp-embed-aspect-16-9 wp-has-aspect-ratio\"><div class=\"wp-block-embed__wrapper\">\n<iframe title=\"SHERLOK Plus rien ne sera pareil\" width=\"525\" height=\"295\" src=\"https:\/\/www.youtube.com\/embed\/skeTnuV5tTA?feature=oembed\" frameborder=\"0\" allow=\"accelerometer; autoplay; clipboard-write; encrypted-media; gyroscope; picture-in-picture; web-share\" referrerpolicy=\"strict-origin-when-cross-origin\" allowfullscreen><\/iframe>\n<\/div><\/figure>\n\n\n\n<p>Ceux qui manquent<\/p>\n\n\n\n<figure class=\"wp-block-embed is-type-video is-provider-youtube wp-block-embed-youtube wp-embed-aspect-16-9 wp-has-aspect-ratio\"><div class=\"wp-block-embed__wrapper\">\n<iframe title=\"SHERLOK  CEUX QUI MANQUENT\" width=\"525\" height=\"295\" src=\"https:\/\/www.youtube.com\/embed\/dqUpNWSHSoU?feature=oembed\" frameborder=\"0\" allow=\"accelerometer; autoplay; clipboard-write; encrypted-media; gyroscope; picture-in-picture; web-share\" referrerpolicy=\"strict-origin-when-cross-origin\" allowfullscreen><\/iframe>\n<\/div><\/figure>\n\n\n\n<p>On se d\u00e9chire<\/p>\n\n\n\n<figure class=\"wp-block-embed is-type-video is-provider-youtube wp-block-embed-youtube wp-embed-aspect-4-3 wp-has-aspect-ratio\"><div class=\"wp-block-embed__wrapper\">\n<iframe title=\"sherlok &quot;on se d\u00e9chire&quot;\" width=\"525\" height=\"394\" src=\"https:\/\/www.youtube.com\/embed\/sjSBTIONqog?feature=oembed\" frameborder=\"0\" allow=\"accelerometer; autoplay; clipboard-write; encrypted-media; gyroscope; picture-in-picture; web-share\" referrerpolicy=\"strict-origin-when-cross-origin\" allowfullscreen><\/iframe>\n<\/div><\/figure>\n\n\n\n<p>Interview sur France 3<\/p>\n\n\n\n<figure class=\"wp-block-embed is-type-video is-provider-youtube wp-block-embed-youtube wp-embed-aspect-16-9 wp-has-aspect-ratio\"><div class=\"wp-block-embed__wrapper\">\n<iframe title=\"SHERLOK en interview sur France 3 + live unplugged\" width=\"525\" height=\"295\" src=\"https:\/\/www.youtube.com\/embed\/VYuStM2zysg?feature=oembed\" frameborder=\"0\" allow=\"accelerometer; autoplay; clipboard-write; encrypted-media; gyroscope; picture-in-picture; web-share\" referrerpolicy=\"strict-origin-when-cross-origin\" allowfullscreen><\/iframe>\n<\/div><\/figure>\n\n\n\n<p>&nbsp;Katia&nbsp;Plachez et Lexie Kendrick interpr\u00e8tent Love Story au Grand Rex, Paris<\/p>\n\n\n\n<figure class=\"wp-block-embed is-type-video is-provider-youtube wp-block-embed-youtube wp-embed-aspect-16-9 wp-has-aspect-ratio\"><div class=\"wp-block-embed__wrapper\">\n<iframe title=\"Love Story Live   Grand Rex, Paris\" width=\"525\" height=\"295\" src=\"https:\/\/www.youtube.com\/embed\/klYsm42NuCI?feature=oembed\" frameborder=\"0\" allow=\"accelerometer; autoplay; clipboard-write; encrypted-media; gyroscope; picture-in-picture; web-share\" referrerpolicy=\"strict-origin-when-cross-origin\" allowfullscreen><\/iframe>\n<\/div><\/figure>\n","protected":false},"excerpt":{"rendered":"<p>FORMULE 6 MUSICIENS SHERLOK ACOUSTIK le duo Petits extraits de \u00a0Sherlok\u00a0Acoustik ( Ap\u00e9ritif du patrimoine sur le port de Marseillan) LADY K FAMILY le quartet Vid\u00e9os&nbsp;clips de LADY SHERLOK Plus rien ne sera pareil Ceux qui manquent On se d\u00e9chire Interview sur France 3 &nbsp;Katia&nbsp;Plachez et Lexie Kendrick interpr\u00e8tent Love Story au Grand Rex, Paris<\/p>\n","protected":false},"author":1,"featured_media":0,"parent":0,"menu_order":0,"comment_status":"closed","ping_status":"closed","template":"","meta":{"footnotes":""},"class_list":["post-32","page","type-page","status-publish","hentry"],"yoast_head":"<!-- This site is optimized with the Yoast SEO plugin v26.8 - https:\/\/yoast.com\/product\/yoast-seo-wordpress\/ -->\n<title>Videos - KATIA VOUS PROPOSE DES SOIR\u00c9ES MUSICALES DE QUALIT\u00c9<\/title>\n<meta name=\"robots\" content=\"index, follow, max-snippet:-1, max-image-preview:large, max-video-preview:-1\" \/>\n<link rel=\"canonical\" href=\"https:\/\/www.3kmusik.com\/index.php\/videos\/\" \/>\n<meta property=\"og:locale\" content=\"fr_FR\" \/>\n<meta property=\"og:type\" content=\"article\" \/>\n<meta property=\"og:title\" content=\"Videos - KATIA VOUS PROPOSE DES SOIR\u00c9ES MUSICALES DE QUALIT\u00c9\" \/>\n<meta property=\"og:description\" content=\"FORMULE 6 MUSICIENS SHERLOK ACOUSTIK le duo Petits extraits de \u00a0Sherlok\u00a0Acoustik ( Ap\u00e9ritif du patrimoine sur le port de Marseillan) LADY K FAMILY le quartet Vid\u00e9os&nbsp;clips de LADY SHERLOK Plus rien ne sera pareil Ceux qui manquent On se d\u00e9chire Interview sur France 3 &nbsp;Katia&nbsp;Plachez et Lexie Kendrick interpr\u00e8tent Love Story au Grand Rex, Paris\" \/>\n<meta property=\"og:url\" content=\"https:\/\/www.3kmusik.com\/index.php\/videos\/\" \/>\n<meta property=\"og:site_name\" content=\"KATIA VOUS PROPOSE DES SOIR\u00c9ES MUSICALES DE QUALIT\u00c9\" \/>\n<meta property=\"article:publisher\" content=\"https:\/\/www.facebook.com\/katia.plachez\" \/>\n<meta property=\"article:modified_time\" content=\"2025-10-10T16:52:17+00:00\" \/>\n<meta name=\"twitter:card\" content=\"summary_large_image\" \/>\n<meta name=\"twitter:label1\" content=\"Dur\u00e9e de lecture estim\u00e9e\" \/>\n\t<meta name=\"twitter:data1\" content=\"1 minute\" \/>\n<script type=\"application\/ld+json\" class=\"yoast-schema-graph\">{\"@context\":\"https:\/\/schema.org\",\"@graph\":[{\"@type\":\"WebPage\",\"@id\":\"https:\/\/www.3kmusik.com\/index.php\/videos\/\",\"url\":\"https:\/\/www.3kmusik.com\/index.php\/videos\/\",\"name\":\"Videos - KATIA VOUS PROPOSE DES SOIR\u00c9ES MUSICALES DE QUALIT\u00c9\",\"isPartOf\":{\"@id\":\"https:\/\/www.3kmusik.com\/#website\"},\"datePublished\":\"2024-09-07T10:44:26+00:00\",\"dateModified\":\"2025-10-10T16:52:17+00:00\",\"breadcrumb\":{\"@id\":\"https:\/\/www.3kmusik.com\/index.php\/videos\/#breadcrumb\"},\"inLanguage\":\"fr-FR\",\"potentialAction\":[{\"@type\":\"ReadAction\",\"target\":[\"https:\/\/www.3kmusik.com\/index.php\/videos\/\"]}]},{\"@type\":\"BreadcrumbList\",\"@id\":\"https:\/\/www.3kmusik.com\/index.php\/videos\/#breadcrumb\",\"itemListElement\":[{\"@type\":\"ListItem\",\"position\":1,\"name\":\"Accueil\",\"item\":\"https:\/\/www.3kmusik.com\/\"},{\"@type\":\"ListItem\",\"position\":2,\"name\":\"Videos\"}]},{\"@type\":\"WebSite\",\"@id\":\"https:\/\/www.3kmusik.com\/#website\",\"url\":\"https:\/\/www.3kmusik.com\/\",\"name\":\"3kmusik\",\"description\":\"\",\"potentialAction\":[{\"@type\":\"SearchAction\",\"target\":{\"@type\":\"EntryPoint\",\"urlTemplate\":\"https:\/\/www.3kmusik.com\/?s={search_term_string}\"},\"query-input\":{\"@type\":\"PropertyValueSpecification\",\"valueRequired\":true,\"valueName\":\"search_term_string\"}}],\"inLanguage\":\"fr-FR\"}]}<\/script>\n<!-- \/ Yoast SEO plugin. -->","yoast_head_json":{"title":"Videos - KATIA VOUS PROPOSE DES SOIR\u00c9ES MUSICALES DE QUALIT\u00c9","robots":{"index":"index","follow":"follow","max-snippet":"max-snippet:-1","max-image-preview":"max-image-preview:large","max-video-preview":"max-video-preview:-1"},"canonical":"https:\/\/www.3kmusik.com\/index.php\/videos\/","og_locale":"fr_FR","og_type":"article","og_title":"Videos - KATIA VOUS PROPOSE DES SOIR\u00c9ES MUSICALES DE QUALIT\u00c9","og_description":"FORMULE 6 MUSICIENS SHERLOK ACOUSTIK le duo Petits extraits de \u00a0Sherlok\u00a0Acoustik ( Ap\u00e9ritif du patrimoine sur le port de Marseillan) LADY K FAMILY le quartet Vid\u00e9os&nbsp;clips de LADY SHERLOK Plus rien ne sera pareil Ceux qui manquent On se d\u00e9chire Interview sur France 3 &nbsp;Katia&nbsp;Plachez et Lexie Kendrick interpr\u00e8tent Love Story au Grand Rex, Paris","og_url":"https:\/\/www.3kmusik.com\/index.php\/videos\/","og_site_name":"KATIA VOUS PROPOSE DES SOIR\u00c9ES MUSICALES DE QUALIT\u00c9","article_publisher":"https:\/\/www.facebook.com\/katia.plachez","article_modified_time":"2025-10-10T16:52:17+00:00","twitter_card":"summary_large_image","twitter_misc":{"Dur\u00e9e de lecture estim\u00e9e":"1 minute"},"schema":{"@context":"https:\/\/schema.org","@graph":[{"@type":"WebPage","@id":"https:\/\/www.3kmusik.com\/index.php\/videos\/","url":"https:\/\/www.3kmusik.com\/index.php\/videos\/","name":"Videos - KATIA VOUS PROPOSE DES SOIR\u00c9ES MUSICALES DE QUALIT\u00c9","isPartOf":{"@id":"https:\/\/www.3kmusik.com\/#website"},"datePublished":"2024-09-07T10:44:26+00:00","dateModified":"2025-10-10T16:52:17+00:00","breadcrumb":{"@id":"https:\/\/www.3kmusik.com\/index.php\/videos\/#breadcrumb"},"inLanguage":"fr-FR","potentialAction":[{"@type":"ReadAction","target":["https:\/\/www.3kmusik.com\/index.php\/videos\/"]}]},{"@type":"BreadcrumbList","@id":"https:\/\/www.3kmusik.com\/index.php\/videos\/#breadcrumb","itemListElement":[{"@type":"ListItem","position":1,"name":"Accueil","item":"https:\/\/www.3kmusik.com\/"},{"@type":"ListItem","position":2,"name":"Videos"}]},{"@type":"WebSite","@id":"https:\/\/www.3kmusik.com\/#website","url":"https:\/\/www.3kmusik.com\/","name":"3kmusik","description":"","potentialAction":[{"@type":"SearchAction","target":{"@type":"EntryPoint","urlTemplate":"https:\/\/www.3kmusik.com\/?s={search_term_string}"},"query-input":{"@type":"PropertyValueSpecification","valueRequired":true,"valueName":"search_term_string"}}],"inLanguage":"fr-FR"}]}},"_links":{"self":[{"href":"https:\/\/www.3kmusik.com\/index.php\/wp-json\/wp\/v2\/pages\/32","targetHints":{"allow":["GET"]}}],"collection":[{"href":"https:\/\/www.3kmusik.com\/index.php\/wp-json\/wp\/v2\/pages"}],"about":[{"href":"https:\/\/www.3kmusik.com\/index.php\/wp-json\/wp\/v2\/types\/page"}],"author":[{"embeddable":true,"href":"https:\/\/www.3kmusik.com\/index.php\/wp-json\/wp\/v2\/users\/1"}],"replies":[{"embeddable":true,"href":"https:\/\/www.3kmusik.com\/index.php\/wp-json\/wp\/v2\/comments?post=32"}],"version-history":[{"count":16,"href":"https:\/\/www.3kmusik.com\/index.php\/wp-json\/wp\/v2\/pages\/32\/revisions"}],"predecessor-version":[{"id":318,"href":"https:\/\/www.3kmusik.com\/index.php\/wp-json\/wp\/v2\/pages\/32\/revisions\/318"}],"wp:attachment":[{"href":"https:\/\/www.3kmusik.com\/index.php\/wp-json\/wp\/v2\/media?parent=32"}],"curies":[{"name":"wp","href":"https:\/\/api.w.org\/{rel}","templated":true}]}}